tors of 26385?
3, 5, 1759
List the prime factors of 960.
2, 3, 5
List the prime factors of 193.
193
What are the prime factors of 19914?
2, 3, 3319
List the prime factors of 2793.
3, 7, 19
List the prime factors of 25502.
2, 41, 311
What are the prime factors of 4820?
2, 5, 241
List the prime factors of 158.
2, 79
What are the prime factors of 81885?
3, 5, 53, 103
List the prime factors of 6787.
11, 617
What are the prime factors of 793?
13, 61
What are the prime factors of 26623?
79, 337
What are the prime factors of 12762?
2, 3, 709
What are the prime factors of 3094?
2, 7, 13, 17
List the prime factors of 334.
2, 167
What are the prime factors of 42084?
2, 3, 7, 167
What are the prime factors of 8906?
2, 61, 73
List the prime factors of 66054.
2, 3, 101, 109
List the prime factors of 675.
3, 5
List the prime factors of 16615.
5, 3323
What are the prime factors of 31826?
2, 15913
What are the prime factors of 633?
3, 211
List the prime factors of 3011.
3011
What are the prime factors of 1237?
1237
List the prime factors of 19144.
2, 2393
What are the prime factors of 14846?
2, 13, 571
What are the prime factors of 8271?
3, 919
List the prime factors of 1603.
7, 229
What are the prime factors of 2930?
2, 5, 293
List the prime factors of 322.
2, 7, 23
List the prime factors of 39554.
2, 19777
What are the prime factors of 20609?
37, 557
List the prime factors of 28154.
2, 7, 2011
List the prime factors of 10381.
7, 1483
What are the prime factors of 2363?
17, 139
What are the prime factors of 7333?
7333
What are the prime factors of 583?
11, 53
What are the prime factors of 66962?
2, 7, 4783
What are the prime factors of 1773?
3, 197
List the prime factors of 2665.
5, 13, 41
List the prime factors of 2175.
3, 5, 29
What are the prime factors of 9471?
3, 7, 11, 41
What are the prime factors of 21702?
2, 3, 3617
What are the prime factors of 3440?
2, 5, 43
What are the prime factors of 2512?
2, 157
List the prime factors of 2402.
2, 1201
List the prime factors of 476.
2, 7, 17
What are the prime factors of 13750?
2, 5, 11
List the prime factors of 81869.
81869
What are the prime factors of 105?
3, 5, 7
List the prime factors of 1970.
2, 5, 197
What are the prime factors of 6491?
6491
What are the prime factors of 88779?
3, 101, 293
What are the prime factors of 2192?
2, 137
List the prime factors of 751.
751
List the prime factors of 148275.
3, 5, 659
List the prime factors of 17660.
2, 5, 883
List the prime factors of 6496.
2, 7, 29
List the prime factors of 2448.
2, 3, 17
List the prime factors of 9915.
3, 5, 661
List the prime factors of 7273.
7, 1039
What are the prime factors of 49317?
3, 17, 967
What are the prime factors of 2195?
5, 439
List the prime factors of 84074.
2, 127, 331
List the prime factors of 368.
2, 23
List the prime factors of 7730.
2, 5, 773
List the prime factors of 1468.
2, 367
List the prime factors of 7338.
2, 3, 1223
What are the prime factors of 17323?
17, 1019
List the prime factors of 8371.
11, 761
What are the prime factors of 8003?
53, 151
List the prime factors of 96528.
2, 3, 2011
What are the prime factors of 33090?
2, 3, 5, 1103
What are the prime factors of 427?
7, 61
What are the prime factors of 112519?
11, 53, 193
List the prime factors of 63939.
3, 21313
What are the prime factors of 7577?
7577
What are the prime factors of 130703?
29, 4507
List the prime factors of 4416.
2, 3, 23
List the prime factors of 20354.
2, 10177
What are the prime factors of 17720?
2, 5, 443
List the prime factors of 4224.
2, 3, 11
What are the prime factors of 242?
2, 11
What are the prime factors of 8517?
3, 17, 167
List the prime factors of 2611.
7, 373
What are the prime factors of 5789?
7, 827
List the prime factors of 1014.
2, 3, 13
What are the prime factors of 69820?
2, 5, 3491
List the prime factors of 24875.
5, 199
List the prime factors of 1076.
2, 269
What are the prime factors of 18812?
2, 4703
List the prime factors of 3582.
2, 3, 199
What are the prime factors of 369?
3, 41
List the prime factors of 19895.
5, 23, 173
What are the prime factors of 1017?
3, 113
List the prime factors of 1114.
2, 557
What are the prime factors of 1134?
2, 3, 7
List the prime factors of 64350.
2, 3, 5, 11, 13
What are the prime factors of 629?
17, 37
What are the prime factors of 6489?
3, 7, 103
List the prime factors of 2576.
2, 7, 23
List the prime factors of 14418.
2, 3, 89
List the prime factors of 18236.
2, 47, 97
List the prime factors of 9268.
2, 7, 331
List the prime factors of 2776.
2, 347
List the prime factors of 13705.
5, 2741
What are the prime factors of 2621?
2621
List the prime factors of 1271.
31, 41
List the prime factors of 17763.
3, 31, 191
What are the prime factors of 990?
2, 3, 5, 11
List the prime factors of 1164.
2, 3, 97
List the prime factors of 6241.
79
List the prime factors of 2152.
2, 269
What are the prime factors of 49394?
2, 24697
List the prime factors of 9275.
5, 7, 53
List the prime factors of 1459.
1459
What are the prime factors of 10072?
2, 1259
What are the prime factors of 384?
2, 3
List the prime factors of 11864.
2, 1483
List the prime factors of 2887.
2887
What are the prime factors of 2371?
2371
List the prime factors of 485.
5, 97
What are the prime factors of 17947?
131, 137
List the prime factors of 6990.
2, 3, 5, 233
List the prime factors of 11135.
5, 17, 131
List the prime factors of 17137.
17137
List the prime factors of 38660.
2, 5, 1933
What are the prime factors of 2109?
3, 19, 37
What are the prime factors of 54918?
2, 3, 113
List the prime factors of 14957.
14957
What are the prime factors of 15240?
2, 3, 5, 127
List the prime factors of 107184.
2, 3, 7, 11, 29
List the prime factors of 2168.
2, 271
List the prime factors of 37858.
2, 23, 823
What are the prime factors of 983?
983
What are the prime factors of 10361?
13, 797
List the prime factors of 16011.
3, 593
List the prime factors of 21801.
3, 13, 43
List the prime factors of 1292.
2, 17, 19
List the prime factors of 13782.
2, 3, 2297
List the prime factors of 518.
2, 7, 37
List the prime factors of 14474.
2, 7237
What are the prime factors of 22237?
37, 601
List the prime factors of 42497.
7, 13, 467
What are the prime factors of 3268?
2, 19, 43
List the prime factors of 3182.
2, 37, 43
What are the prime factors of 7641?
3, 283
What are the prime factors of 116697?
3, 7, 5557
What are the prime factors of 33586?
2, 7, 2399
What are the prime factors of 818?
2, 409
List the prime factors of 52664.
2, 29, 227
What are the prime factors of 88?
2, 11
List the prime factors of 20047.
20047
List the prime factors of 5167.
5167
List the prime factors of 7002.
2, 3, 389
List the prime factors of 44107.
7, 6301
List the prime factors of 1216.
2, 19
List the prime factors of 51241.
51241
What are the prime factors of 6033?
3, 2011
List the prime factors of 4459.
7, 13
What are the prime factors of 1188?
2, 3, 11
List the prime factors of 7269.
3, 2423
List the prime factors of 1504.
2, 47
List the prime factors of 958.
2, 479
What are the prime factors of 486?
2, 3
List the prime factors of 120077.
120077
What are the prime factors of 4968?
2, 3, 23
What are the prime factors of 29326?
2, 11, 31, 43
What are the prime factors of 485?
5, 97
List the prime factors of 244.
2, 61
What are the prime factors of 6622?
2, 7, 11, 43
List the prime factors of 451.
11, 41
What are the prime factors of 11790?
2, 3, 5, 131
What are the prime factors of 73646?
2, 23, 1601
What are the prime factors of 343?
7
What are the prime factors of 5765?
5, 1153
List the prime factors of 2220.
2, 3, 5, 37
List the prime factors of 63773.
63773
What are the prime factors of 17634?
2, 3, 2939
What are the prime factors of 56835?
3, 5, 421
What are the prime factors of 2549?
2549
What are the prime factors of 819?
3, 7, 13
What are the prime factors of 653?
653
List the prime factors of 1134.
2, 3, 7
What are the prime factors of 4853?
23, 211
List the prime factors of 1368.
2, 3, 19
What are the prime factors of 164?
2, 41
What are the prime factors of 5344?
2, 167
List the prime factors of 14710.
2, 5, 1471
What are the prime factors of 4150?
2, 5, 83
What are the prime factors of 1583?
1583
List the prime factors of 39664.
2, 37, 67
What are the p